hen q is divided by 7?
6
What is the remainder when 52 is divided by 42/(-12) + 90/4?
14
Let g(d) = d**2 + 2*d + 8. Let p be g(0). What is the remainder when 11 is divided by 2 - p*1/(-2)?
5
Let k(f) = -f**2 - 10*f + 5. Let w be k(-10). Suppose 2*n = -w*a + 142, 4*a - 4*n = -44 + 180. Let b = a + -26. What is the remainder when 11 is divided by b?
3
Let s be ((-2)/(-3) + 58/3)*6. Suppose -2*q + 3*q - 21 = 2*a, -5*q - 5*a + s = 0. Calculate the remainder when q is divided by (-4)/16 + (-49)/(-4).
11
Suppose 3*j = -10 - 8. Let x = -2 - j. Suppose 55 + 13 = x*q. What is the remainder when q is divided by 10?
7
Let l = -170 + 294. Calculate the remainder when l is divided by 22.
14
Suppose 4*g = 2*g + 6. Suppose -28 + 107 = 3*m - 4*j, -110 = -4*m + g*j. Calculate the remainder when m is divided by 5/((-40)/4)*-16.
5
Let i(r) = -104*r**3 + 1. Let k = -20 + 21. Let w be i(k). Let j = w + 153. What is the remainder when j is divided by 18?
14
Let t(h) = -h**3 + 8*h**2 + 14*h - 29. Suppose 3*c - 12 - 15 = 0. Calculate the remainder when t(9) is divided by c.
7
Suppose -6*w + 11*w - 100 = 0. Let y = w + -3. Calculate the remainder when y is divided by 47/9 - 8/36.
2
Suppose -5*h + 13 - 3 = 0. Suppose -6 = -3*q + h*q. Let a(z) = z**2 - 6*z + 14. What is the remainder when 55 is divided by a(q)?
13
Suppose 19*v = 23*v - 36. Let l(d) be the first derivative of 2*d**3/3 - 7*d**2/2 + 4*d + 2. Calculate the remainder when l(6) is divided by v.
7
Let z(b) = -9*b**3 + b**2 - 6*b - 6. Calculate the remainder when z(-2) is divided by 35.
12
Let i = -46 - -77. Suppose i = 72*a - 71*a. Calculate the remainder when 59 is divided by a.
28
Suppose 0 = -m + 8 - 4. Suppose 4*q = 2*y - 4, -2*q = 2*y - 3 - 1. Suppose 4 = 2*o, o + m = h + y*o. Calculate the remainder when 6 is divided by h.
0
Suppose -20*f = 198 - 1218. Calculate the remainder when 150 is divided by f.
48
Let l = -3 - -10. What is the remainder when l is divided by 7 - (-4 + 8) - 1?
1
Suppose -2*a + 366 = -5*q, -a - 5*q + 164 = -19. What is the remainder when a is divided by 25?
8
Let r = 3 - -3. Let s = 39 + -1. What is the remainder when s - 19 - (2 + 0/2) is divided by r?
5
Let v = 31 - 0. What is the remainder when 66 is divided by v?
4
Suppose 5*k = 47 + 108. Suppose 0*m = -3*m. Suppose m = -2*o + 5 + k. Calculate the remainder when 71 is divided by o.
17
Suppose -3*z - 351 = -3*g, -2*g + 379 = 5*z + 159. Let t = -1 + 1. Suppose -145 = -t*q - 5*q. Calculate the remainder when g is divided by q.
28
Let h(b) = 8 - 2*b**3 + b**2 + 2*b**3 + 8*b**2 + 8*b + b**3. Let o be h(-8). Let g = 5 + o. Calculate the remainder when g is divided by 5.
3
Let x(g) = g**3 - g**2 - 3*g + 2. Let b be x(2). Suppose b = -s - 0*s + 21. Suppose 13*y - 517 = 263. What is the remainder when y is divided by s?
18
Let b = -285 + 337. What is the remainder when b is divided by 20?
12
Let n = 4 - -1. Let v be n/((-1 - -3)/2). Suppose v*d - 29 - 41 = 0. What is the remainder when d is divided by 8?
6
Suppose -3*q + q - 24 = 0. What is the remainder when (-3 - -2)/(-6 + 1362/228) is divided by 2 - (1 + q) - 3?
8
Let w(u) = u**2 - 5*u - 18. Calculate the remainder when 49 is divided by w(-4).
13
Let c = -295 + 351. Calculate the remainder when c is divided by 16.
8
Suppose -3*g + 333 = 273. Suppose 0*v = -4*v - x + 253, x = -5*v + 317. Suppose 0 = -5*c - 9 + v. What is the remainder when g is divided by c?
9
Let l = 1819 - 1605. Calculate the remainder when l is divided by 57.
43
Let b = -33 - 2. Let j = -32 - b. What is the remainder when 13 is divided by j?
1
Let o = -29 - -21. Let r(c) = c + 5. Calculate the remainder when (2*o)/(22/(-33)) is divided by r(0).
4
Suppose -d + 8 = x + 2*x, 5*d = 5*x. Suppose 0 = h + s - 34, d*s = 2*h + 2*h - 142. What is the remainder when h is divided by 9?
8
Let r(y) = y**2 + 6*y + 5. Suppose -3*g + 15 = 33. What is the remainder when 13 is divided by r(g)?
3
Suppose -10*y + 2581 = 2081. Calculate the remainder when 344 is divided by y.
44
Suppose 20*j - 9*j = -1045. Let y = j + 104. Calculate the remainder when 17 is divided by y.
8
Calculate the remainder when 9 - 3576/(-16)*2 is divided by 23.
19
Let b(l) = l**3 - 49*l**2 - 51*l + 61. Calculate the remainder when 87 is divided by b(50).
10
Let v(k) = 5*k**3 - k**2 - 3*k + 3. Calculate the remainder when v(2) is divided by 17 - (-8 + 3)/5.
15
Suppose -4*m = -3*m - 3*u + 3, -m - 3*u = -21. Suppose 0 = q + 3*q - 16. Calculate the remainder when (q/(-10) - 2)*-10 is divided by m.
6
Let j(t) = 10*t**2 - 239*t + 11. What is the remainder when 67 is divided by j(24)?
32
Calculate the remainder when 56615/134*4/5 is divided by 31.
28
Let g be (-24)/11 + 2 + 169/143. Suppose 10*v + 4*x = 5*v + 79, g = x. Calculate the remainder when v is divided by 14.
1
Let v(u) = u**3 + 13*u**2 + 10*u + 15. Calculate the remainder when 194 is divided by v(-12).
38
Suppose 0 = 3*h - 5*m - 8 - 12, -4*h = m - 65. Calculate the remainder when 24 is divided by h.
9
Let r(j) = j**3 - 11*j**2 + 7*j + 3. Let c be r(10). Let k = c + 52. Let h(y) = y**3 + 9*y**2 + 9*y + 17. Calculate the remainder when k is divided by h(-8).
7
Suppose 4*y - 27 - 7 = -2*a, 0 = 4*a - y - 104. Calculate the remainder when a is divided by 15.
10
Suppose 5*u + 43 = -232. Calculate the remainder when 137 is divided by (-3)/(-5) - 1232/u.
22
Suppose -4*v - 2*y - 24 - 38 = 0, v + 3*y = -23. Let s(i) = -i - 2. What is the remainder when 46 is divided by s(v)?
10
Let v = 12 + -8. Let l be -1 + -3 + v - -4. Suppose -3*u + 104 = 2*u + 4*p, 84 = l*u + 4*p. Calculate the remainder when 79 is divided by u.
19
Calculate the remainder when 9/(-72)*-18*(-440)/(-3) is divided by 83.
81
Let j = 657 + -307. Calculate the remainder when j is divided by 21.
14
Suppose 20*j - 942 = 738. What is the remainder when j is divided by 73?
11
Let f = -65 - -77. Calculate the remainder when (-6)/27 - (-740)/9 is divided by f.
10
Let z(m) = 54*m**2 - 61*m - 117. What is the remainder when z(-2) is divided by 112?
109
Suppose 3*w = 5*j - 104, j = -0*j - 4*w + 30. Let f be (-2)/7 - 810/(-42). Let m = -14 + f. What is the remainder when j is divided by m?
2
Suppose 584 = 34*t - 30*t. Calculate the remainder when t is divided by 25.
21
Suppose -g + 5*h + 16 = 0, -4*g - 2*h + 4*h + 46 = 0. Calculate the remainder when 61 is divided by g.
6
Let f = -8 - -15. Let h(l) = -5*l**2 + 4*l**2 - 4 + 2*l**2 - 6*l. What is the remainder when 11 is divided by h(f)?
2
Let m = 1650 - 1645. What is the remainder when 6 is divided by m?
1
Let i = -21 + -12. Let n = -44 - i. Let l(b) = -5*b. Calculate the remainder when l(n) is divided by 15.
10
Suppose 0 = -5*l - 8*v + 5*v + 181, -l = -4*v - 27. Calculate the remainder when l is divided by 14.
7
Let b(w) be the second derivative of 4*w**3/3 - 9*w**2/2 + 6*w. What is the remainder when b(7) is divided by 17?
13
Let x(q) = -q**2 - 8*q - 8. Let v be x(-8). What is the remainder when v/(-3)*13/(52/144) is divided by 33?
30
Let x = -110 + 120. Suppose -h + 76 = 3*n, 0 = 3*n + 2*h - 48 - 29. What is the remainder when n is divided by x?
5
Suppose -2*y + 5*j = -7, 5*j = 14*y - 16*y + 17. Calculate the remainder when 111 is divided by y.
3
Suppose 20 = 7*k - 1. Suppose -q + 5 = 0, -2*j + j + k*q = 7. Calculate the remainder when 20 is divided by j.
4
Suppose -c = -7*c + 366. Let h = c - 34. Calculate the remainder when 107 is divided by h.
26
Suppose 3*n = -16 + 28. Suppose -4*o = 3*d - d - 10, 5*d = -n*o + 31. Calculate the remainder when 26 is divided by d.
5
Suppose i + 2569 = 8*i. What is the remainder when i is divided by 53?
49
Let x = 9 - 7. Let r(i) = -3*i. Let s be r(x). Let h = 3 - s. What is the remainder when 26 is divided by h?
8
Suppose -9*y = -12*y + s + 88, 3*y - 92 = 5*s. Calculate the remainder when y is divided by 4.
1
Let z(a) = -6*a - 12. Let r(n) = -2*n - 4. Let h(i) = 7*r(i) - 2*z(i). Let u be h(0). What is the remainder when 23 is divided by -1 - (-4)/(u/(-9))?
7
Let o = -124 + 127. Suppose o*h + 0*h - 30 = 0. What is the remainder when 18 is divided by h?
8
Let j(u) = 209*u**2 + u + 1. What is the remainder when j(1) is divided by 71?
69
Suppose 16*f - f - 930 = 0. Calculate the remainder when f is divided by 23.
16
Suppose 5 = -v + 14. Suppose 12 = 4*o - 2*o - 4*s, o = -s. Sup